)) + 34 - -121
136
What is the value of (18 - 4) + 21 + 3 - (-7 - (1 + 0))?
46
What is 7 + 9 + -17 - 1 - (-3 - -1 - 10)?
10
-29 - -8 - (318 - 320)
-19
What is (38 - (1 - 4)) + -1 + -21 + 16 + -7?
28
What is 178 + -295 + (124 - 7)?
0
Calculate -34 + -15 + (-19 - -50).
-18
Evaluate 32 - (-31 + 53) - 15 - -19.
14
-5 - ((-2 - -16) + -3 + (-17 - (18 - 1)))
18
Evaluate (1 - -74) + (-1 - (-108 + 124 + (-3 - 3))).
64
What is the value of -31 + 5 + 10 + 11 + -47?
-52
Evaluate (10 - (-46 - -21) - 18) + -35.
-18
Calculate 0 - -40 - (-11 - ((43 - 25) + -16)).
53
What is 77 - ((64 - -9) + 21)?
-17
Evaluate (-4 - -17) + (-18 + -3 - 14).
-22
What is the value of (19 - 8) + -240 + 302?
73
(74 - 99) + 22 - (1 - 13) - (-2 - 58)
69
Calculate -7 + (-1 - -1 - (418 - 397)).
-28
Evaluate -57 - (-20 - -63) - -100.
0
Calculate 42 - 1 - ((17 - 5) + (-19 - (-7 - 13))).
28
(10 - (-1 - -10)) + 11 - -32
44
Calculate (-3 + -4 - -2) + (0 - -2) + 172 + -162.
7
Evaluate -46 - (11 + 13 - 64).
-6
What is the value of -6 - (-100 - -49 - (28 - 9))?
64
Evaluate -63 + (30 - (42 + -111)).
36
What is 5 - -2 - (105 - (-10 - (-1 - 1 - -4)))?
-110
-2 - ((-76 - -104) + -37)
7
Calculate 9 + (-1 - (-29 + (7 - 4) + (4 - -1))).
29
Evaluate 8 - (4 + (0 - -2 - (429 + -392))).
39
Calculate (-34 + -1 - -108) + (-12 - 0 - 0).
61
What is the value of (22 - ((15 - -41) + -13)) + 21?
0
Calculate -52 + (9 + 27 - 47 - (-3 + -13)).
-47
What is the value of -1 + (-582 + 585 - (-1 + -50)) - 2?
51
What is the value of -19 + 23 + -41 + 116 + -175?
-96
What is -5 - (66 + -30 + -28) - 7?
-20
Evaluate -7621 - -7612 - (-1 - 27).
19
What is -42 + (-38 - (-24 + 10)) - -13?
-53
-15 + 2 + (-9 - 4) + -9 + 5
-30
What is -32 - 28 - (28 + -34 - (-21 - -2))?
-73
Calculate -5 + ((4 - 5) + -27 - (-50 - -50)).
-33
Evaluate (-27 + 47 - 6 - 45) + 9 + 0.
-22
-36 - 5 - (-72 + 75)
-44
What is the value of -6 - -173 - ((16 + -3 + -2 - -7) + -3)?
152
Calculate (-6 - -43) + (8 - (4 + (5 - 1) + -4)).
41
-13 - (-26 + 10 + -9)
12
Calculate (-221 - -275) + -61 + 84 + 2.
79
What is 42 + -1 - (3244 - 3292)?
89
Calculate -18 - (9 + (-19 + 4 - -5) + -83).
66
What is 0 + 52 + (8969 - 9040)?
-19
(-87 - -73) + -4 - (-1 + -30)
13
What is the value of 45 - (-3 + -52 + 48)?
52
What is the value of 4 + -11 + (7 - -6) + -46 - -8?
-32
-37 + -14 + (-16 - -10) + 15 + 13
-29
Calculate 14 - (4 + (4 - (-68 - (13 + -20 - -5)))).
-60
Calculate (-3 - 19 - (3 + -4)) + (-17 - -3).
-35
What is the value of 1 - (-1 + 33 - 12) - -47?
28
Calculate -47 - (42 - (35 + 11)).
-43
Calculate -24 + (-39 - -60) + -13.
-16
What is the value of 24 + (20 + -28 - 11) + 0 + -98?
-93
What is the value of (-66 - 1) + (-87 - (-40 + -62))?
-52
Evaluate -30 - (122 + -113 - (5 - (3 - -7))).
-44
Calculate 11 + 0 + (21 - (32 + (20 - -1))).
-21
What is the value of -61 + -24 + 28 + 6 + -36?
-87
What is 13 + -29 + 11 + -45?
-50
32 - 79 - (-16 + -29)
-2
Calculate (15 - (33 - 25)) + (-220 - -119).
-94
(16 - -36) + 11 - (41 + -36)
58
What is the value of 3 - 6 - (10 - (1 - (-48 + 21))) - -126?
141
-80 + (-9 - -5) + (-18 - -27)
-75
Evaluate 17 - 16 - 3 - -104 - 19 - 2.
81
What is the value of (-38 - (-67 - -14)) + (71 - 3)?
83
What is the value of -75 + -2 + (573 - 539)?
-43
-43 - (-9 + -51 - -25)
-8
What is -2 + (-15 - -6) + (-23 - -10 - 35)?
-59
Evaluate -252 + 434 - (-6 + 157).
31
What is -51 + 45 - 23 - (-18 - 2)?
-9
Evaluate (-1 + 1 - -144) + (-79 + 2 - -61).
128
What is 142 + (-311 - -3) + 98?
-68
What is 3 + -8 - (19 - (14 - -12))?
2
105 - 27 - (-14 + 36)
56
What is the value of (102 - 0 - (122 - 93 - (-3 - -31))) + -10?
91
(-23 - -8) + 37 - (4 + -2 + 6) - 6
8
-41 + 1649 + -1669 + (-6 - -3 - -33)
-31
Calculate -25 - (-54 + 192 + -74).
-89
What is the value of (6 - -25 - ((-3 - 8) + 2)) + (7 - 1)?
46
Calculate 259 + -263 + -1 + 1 + 3.
-1
Evaluate (-68 - -89 - -35) + (-1 + -1 - -19).
73
What is 30 + -21 + 35 + (-21 - -29)?
52
-54 + 164 + (10 - 44)
76
Calculate -1 + -2 + 8 + -14 - (-23 + 107 + 19).
-112
What is the value of -1 + -67 - (-1644 + 1596)?
-20
What is the value of -29 - (23 + -55 + 8) - 61?
-66
Calculate 74 + (-14 - 5) - 37.
18
Calculate 61 - ((29 - -62) + -148).
118
(-1 - 23) + -437 + 479
18
-5 - (-1 + 1 + -200 + 178 + 11 - -32)
-26
What is (-90 - (6 - 32)) + (57 - 12)?
-19
Calculate (-5 - -27 - (-15 - -4 - -20)) + -29.
-16
Calculate 9 - (16 - 7) - -3 - (-28 - -19) - -95.
107
3 - (-1 + 17 + -28) - 29
-14
1 - (15 + 13) - (3 - -49)
-79
(9 + -5 - -6) + -8 + (10 - 15 - -3)
0
What is 34 + 2 + 0 + (6 - 19) + 3?
26
-19 + 22 + (0 - 81 - (97 + -101))
-74
Evaluate -43 + 63 + (-35 - -18).
3
Calculate 15 + -1 + (132 - 100).
46
What is the value of (-657 - -755) + (1 - 60)?
39
Calculate (12 - 23 - (-50 - -52)) + 166.
153
Evaluate (17 - (31 + 21 + -72)) + 18.
55
What is the value of 15 + -1 + -11 + -305 + 314 + (4 - 0)?
16
What is the value of -2 + -44 - -6 - (-93 - 25)?
78
59 + 20 + -39 + -79
-39
What is the value of -186 + (-125 - -188 - -58)?
-65
Evaluate 7 - (-10 + 7 + 13 - ((5 - -39) + -1)).
40
Evaluate (19 - 31) + 58 - (-12 - -19).
39
What is the value of (124 + -257 - -127) + (48 - -3)?
45
Calculate -13 + (-1 - -14) + (-27 - (23 + -41)).
-9
What is -9 + 122 + -94 - (-3 + 107)?
-85
113 - (-54 + -11 - -108)
70
What is the value of -23 - -7 - (-19 + 1 + -80 + 84) - 123?
-125
Calculate 2 + (-77 - -95 - -32).
52
Evaluate (-4 - -55) + (4 + -1 - (95 - 92)).
51
-42 - -46 - (-2 + -8 + 7)
7
What is 63 + -32 + 2 + -423 + 444?
54
What is the value of -11 + (-42 + 108 - 61 - (0 - 31))?
25
-74 - ((8 + 2 - (-1 - -45)) + 20)
-60
Evaluate 34 - (-35 + 7 + 32).
30
Calculate 146 - (-43 - -115 - -59).
15
What is 273 + -310 + 67 + -3?
27
What is the value of -74 + 126 + -90 + -2?
-40
Calculate 275 + -67 + -210 + (41 - -1).
40
What is the value of (-17 - -33) + -30 + 3 + 8?
-3
Evaluate 3 + 3 - (8 + 7 + -14 - 64) - 6.
63
What is 15 - ((11 - (32 - 35)) + 8 + -2)?
-5
Calculate -22 - (20 + -61 + 26) - -50.
43
(-49 - (0 - 1)) + 4 + (362 - 364)
-46
Evaluate 109 + (48 - 70) + -30.
57
Evaluate 25 + (30 - 24) - (-1 - -58).
-26
What is 6 + (-12 + 11 - 46 - (-7 + 23 + -5))?
-52
What is 4 + (14 - -2) + -43 + (43 - -1)?
21
Calculate (-9 - 18) + 6 - (-159 + 4 + 12).
122
Calculate 3 - 1 - (12 + -18) - (-8 - (-41 - 58)).
-83
What is 18 + 140 + -8 - 130?
20
What is 0 + 3 + 35 + -31 + -8 - (4 + 70)?
-75
11 + -6 + 10 - (214 + -248)
49
Evaluate (0 - (3 + -12)) + (8 - 21 - -50).
46
Calculate (-6 + -32 - -17) + 17.
-4
Calculate 11 + -55 + (-17 - (-17 - (3 - 6))).
-47
What is the value of (-8 - 13 - -11 - 16) + (6 - 7)?
-27
Calculate (5 + 53 - 8) + -45.
5
What is -316 + (449 - 64) - (-1 + -1)?
71
Evaluate 16 + 36 - 67 - -72.
57
Evaluate (31 + -27 - (4 - (-10 - -6))) + 48.
44
-1 + -2 - (14 - (19 + 47))
49
What is 83 - ((-30 - 4 - -41) + 12)?
64
What is the value of 17 - (-42 + -85 + 25)?
119
What is the value of 49 - -2 - (15 + -8 + (-1 + -1 - -6))?
40
What is (-17 - -33 - 0) + -1 + -13 - -16?
18
-1 + (12 - 21) + 51 + 8 + 8
57
What is (-96 - (-320 - -210)) + -2 + 13 + -2?
23
-1 + -7 + -1 - (18078 + -18122)
35
(122 - (1 - -6)) + 530 + -556
89
What is -14 + (-36 - (21 + -15 - 6))?
-50
-4 + 5 - ((12 - (2 - (5 + -9))) + 42)
-47
What is the value of 5 - ((3 - 1) + (494 - 464))?
-27
Calculate (-3 + 27 + 7 - (1 - -19)) + -127.
-116
What is the value of (47 - (5 + -3 + 1)) + (43 - (-5 + 44))?
48
What is the value of -16 + -6 - -13 - -14 - 69?
-64
Calculate -445 + 416 - (31 - -42).
-102
Evaluate 33 + -15 + 18 + -12 - (-5 - 0) - 10.
19
Calculate -83 + 50 + -90 + 120 - (0 + -1 + -108).
106
What is -26 + 60 + 19 + -9?
44
-12 - -68 - (-3 + 0 + -4 + 2 + 9)
52
What is -15 - (11 + -15) - (-2 + (-7 - -33))?
-35
Evaluate -95 - 48 - -92 - 25.
-76
What is the value of 27 + -27 + -20 + 3 + 5 + (-82 - -193)?
99
Calculate (3 - (1 - 4)) + -38 + 15 + 12 + 15.
10
What is 6836 + -6817 + (57 - 0)?
76
Calculate (-637 - -687) + (78 - -3).
131
Evaluate 33 - 43 - (64 + -33).
-41
15 + (20 + 21 - 20) + -27 - -62
71
Calculate 57 - (-101 - -48 - -67).
43
-4 - (-39 - (-7 + -15) - 0 - -47)
-34
What is the value of 12 + -2 + -10 - (21 - -4)?
-25
Calculate -5 - (33 - 17) - (7 + 17).
-45
-9 - (-12 + (9 - 1) - (-4 + 9 + 4))
4
What is (-7620 - -7782) + (-60 - 1)?
101
What is the value of (2 + -58 - (14 - 8 - 0)) + 8 + -7?
-61
(2 + -2 - -44) + (-74 - (-150 - -70))